 factor of d and 8?
8
Let s = 0 - 2. Let d be 1*s - (-1 - 13). Suppose -5*u - 67 = -3*j, 3*j = 7*j - 4*u - 92. Calculate the greatest common factor of d and j.
12
Let n(g) = -g**2 + 33*g - 110. Let p be n(29). What is the highest common factor of p and 114?
6
Let c be -4 + -3 + 1 + 30. Let k be 6/(3*4/c). What is the greatest common factor of k and 6?
6
Let z = -255 + 256. Suppose -13 - 44 = -3*p. Calculate the greatest common divisor of p and z.
1
Suppose -2*k - 5*t + 233 = 0, -3*t = -11*k + 6*k + 598. Calculate the highest common factor of 7 and k.
7
Let p(w) = 18*w**2 + 3*w - 28. Let r be p(5). What is the highest common divisor of r and 76?
19
Let j = 973 + -783. Calculate the highest common divisor of 30 and j.
10
Suppose 2*p + 5 = 15. Suppose 0*y - p*y + 55 = 0. Let g = -80 + 157. What is the highest common divisor of y and g?
11
Let r(u) = u**3 + 8*u**2 + 3*u + 4. Let f be r(-3). Let q(c) = -1308*c + 6556. Let n be q(5). What is the highest common divisor of n and f?
8
Suppose -4*i + 4 = 0, -i = -5*d + 44 + 10. Suppose -27*x + 32*x - 5 = 0. Calculate the highest common factor of d and x.
1
Let o = -3 + 19. Suppose 2*x - 2 = -2*q, -3*x - 3*q = -6*q - 21. What is the greatest common divisor of x and o?
4
Let k be -3 + 8 + (-2 - -1). Let t(s) = -s - 1. Let z be t(-4). Suppose 3*w = d - 56, 5*d = z*d + 4*w + 104. Calculate the greatest common divisor of d and k.
4
Let o(f) = 141*f**2 - 3*f + 2. Let t be (-12)/(-10)*60/(-18). Let v be (t/(-16))/(2/8). Let i be o(v). What is the highest common divisor of i and 20?
20
Let z(t) = -2*t. Suppose 2*c = 7*c - 30. Let f be z(c). Let h be 224/f*(-33)/4. Calculate the highest common factor of h and 22.
22
Suppose 4*s = 7*s + 3*a - 339, 4*s - 3*a - 424 = 0. Calculate the greatest common divisor of s and 4033.
109
Suppose 2*f = -11 + 23. Suppose 5*v = -l + 44, 4*v + 10 + 52 = l. What is the highest common factor of f and l?
6
Let o(w) = -11*w - 7. Suppose 8 = 4*t - 5*d, 5 = 4*t - 5*t + 3*d. Suppose 0 = 3*f - t + 28. Let g be o(f). What is the highest common divisor of 10 and g?
10
Let o = 17 - 4. Let k = 22 - o. Let g(s) = -20*s - 17. Let w be g(-4). What is the greatest common divisor of k and w?
9
Let f be (-18)/(-10)*10/24*76. Calculate the greatest common factor of f and 6.
3
Let c be (34*1)/((-7)/(-14)). Suppose -3*w - 170 = -8*w. What is the highest common factor of w and c?
34
Let v = -25 + 46. Let l = v - 10. Calculate the highest common divisor of l and 132.
11
Suppose 0 = 4*b - 5 + 17. Let i = b - -12. Let p be (0 + -1 + 10)/1. Calculate the greatest common factor of i and p.
9
Let v(g) = g**3 - 7*g + 2. Let n be v(3). Let k = 26 - -47. Let u = k + -41. Calculate the highest common divisor of n and u.
8
Let w be (8/(-1))/(-8 - (-6 + 0)). Suppose -9 = -3*q + f, w*f = -3*q - f + 27. Calculate the greatest common divisor of 28 and q.
4
Suppose -2*s - 12 = -4*s + 5*l, -18 = -2*s + 2*l. What is the greatest common divisor of 176 and s?
11
Suppose -5*i - i + 30 = 0. Suppose -91 = -i*m - 11. Calculate the highest common factor of m and 32.
16
Suppose 0 = -5*i + x + 178, -30 - 46 = -2*i - 2*x. Calculate the greatest common divisor of i and 4.
4
Let j(a) = a**2 - 46*a + 253. Let x be j(40). What is the highest common factor of x and 3328?
13
Let p(l) = l**3 - 2*l**2 - 3*l + 2. Let y be p(3). Let r = -3165 - -3187. Calculate the highest common factor of r and y.
2
Let l be (1/(-2) - 0)*(-102 + 28). Suppose 6*a = 11 + l. What is the highest common divisor of a and 1?
1
Suppose -40*d + 100467 = 21*d. What is the greatest common factor of 18 and d?
9
Suppose -2*y + 56 = -d, -2*y + 74 = 5*d - 6. Calculate the greatest common divisor of 50 and y.
10
Let s = 3 + 0. Suppose h = s*h - 10. Suppose 3*n + 15 = 3*y + 60, -2*n + 5*y = -45. Calculate the greatest common divisor of h and n.
5
Let w(z) = -7 - 11 - 17*z - 25. Let l be w(-11). Calculate the highest common factor of 36 and l.
36
Suppose -274 = -4*q - 98. Let g = -32 + q. Calculate the greatest common factor of g and 4.
4
Let z be 1 + -4 + (-2)/((-4)/(-42)). Let l = z + 38. Calculate the highest common factor of 154 and l.
14
Suppose 0 = -2*y - 2*b + 86, -4*b = -y + 6*y - 214. Calculate the greatest common factor of y and 5376.
42
Let i(s) be the first derivative of s**4/4 + 2*s**3 - 5*s**2 - 9*s + 18. Let p be i(-6). What is the greatest common divisor of p and 51?
51
Let i be (10560/(-100))/(4/(-10)). What is the highest common divisor of 16 and i?
8
Suppose 0 = -5*b - 2*f + 599, -4*f + 482 = 4*b - f. What is the highest common factor of 14 and b?
7
Let d(s) = 11*s + 2. Let z be d(3). Let u = 113 - z. Let b(y) = y**3 - 5*y**2 + 4*y - 7. Let w be b(5). Calculate the highest common factor of w and u.
13
Suppose 12 = 4*z - 8. Suppose -5*c + 3*n = 419 - 1183, 3*c - z*n = 452. What is the highest common factor of 14 and c?
14
Suppose 2*p - 3*p + 15 = 0. Let b be 4/2 - (-5)/5. Suppose b*r = 5*f - 390, -3*f - 6*r + 200 = -r. What is the greatest common divisor of f and p?
15
Suppose 0 = -2*i - 2, 0*z - 2*z + i = -367. Suppose 5*c = -3*j + 173, -5*j = -2*j + 3*c - z. What is the highest common divisor of j and 33?
33
Suppose -4 = -2*x - 4*w, -3*x = x - 2*w + 2. Suppose -7*j - 3 + 10 = x. Calculate the greatest common factor of j and 1.
1
Let v(u) = -3 + 5*u + 7 + 5*u**2 - 9. Let t be v(2). What is the highest common factor of t and 10?
5
Let c = 0 - -2. Let o be 24/8 + c/(-2). Suppose -o*q = 2 - 24. What is the highest common factor of q and 11?
11
Let i(x) = -x**2 - 11*x + 25. Let f be i(-13). Let t(k) = 9*k**2 - 2. Let o be t(f). What is the highest common factor of o and 7?
7
Let z = 19 - 14. Let q(k) = 2*k**3 - 6*k**2 + 7*k. Let d be q(z). Let w be -2*3/6 + 55. Calculate the highest common divisor of d and w.
27
Suppose -5*x + 5*k = -281 - 54, -4*x - 5*k = -241. Calculate the greatest common divisor of 48 and x.
16
Let p be (7/(-2))/((-9)/180). Let j(r) = r**2 + 4*r + 2. Let o be j(-6). What is the greatest common factor of p and o?
14
Suppose -3*t - 11 = a, 7 + 25 = -4*t + 3*a. Let r be ((-172)/(-20) + t)/((-3)/(-20)). Calculate the greatest common factor of r and 8.
8
Suppose -729*i + 722*i = -1953. What is the greatest common factor of 9 and i?
9
Let t be ((-4)/8)/(3/36). Let m = 5 + t. Let v be (-2 - m)*(-14 - 3). What is the greatest common divisor of v and 51?
17
Suppose 16 = 5*x + h - 2*h, 0 = -3*h + 12. Suppose 0 = -6*n + x*n + 20. Calculate the greatest common factor of n and 40.
10
Let n(q) = q**3 - 13*q**2 + 2. Let r be n(13). Calculate the greatest common factor of 32 and r.
2
Let q(p) = -16*p - 144. Let v be q(-12). What is the highest common factor of v and 112?
16
Let w = -38 + 38. Suppose w = -2*i + 3*i - 3*x - 120, 0 = -x - 5. What is the highest common divisor of 15 and i?
15
Let f(z) = z**2 - 9*z + 26. Let s be f(4). Let x be 6/(-9) - (-182)/3. Let i = x + -30. What is the highest common factor of s and i?
6
Suppose 2*j - 7*l - 4*l = 7, 5*j - 3*l - 42 = 0. Suppose 162 = 3*b - 0*b. What is the greatest common factor of b and j?
9
Suppose -5*g - 14*n + 1182 = -12*n, 8 = -2*n. What is the greatest common divisor of 42 and g?
14
Let n(z) = -z**2 + z - 19. Let y be n(0). Let h = -4 - y. Let o(w) = 29*w**3 + w**2 - 3*w + 3. Let b be o(1). Calculate the greatest common divisor of b and h.
15
Let x(m) = 18 + 30 + m**3 - 54 - 2*m**2 - m. Let j be x(4). Calculate the highest common factor of 154 and j.
22
Suppose -5*z + 3*y + 371 = -41, -3*z = 5*y - 220. What is the highest common divisor of 40 and z?
40
Let t be ((-45)/27)/(1/9). Let r = t - -25. Calculate the greatest common factor of r and 2.
2
Let u = -114 + 118. Let g be u/(-38) - (-59)/19. What is the highest common divisor of g and 15?
3
Let r(d) = -d**3 + 10*d**2 - 16*d + 7. Let z be r(7). Calculate the greatest common divisor of 4 and z.
2
Let n be -4 + (-6)/(30/(-35)). Suppose 260 = 5*w + n*f + 2*f, -4*f + 12 = 0. Calculate the highest common factor of w and 14.
7
Let u = -45 + 85. Suppose -2*t - 3*h = 7, -5*t + 0*t + 4*h + u = 0. Suppose x + 6 = t*x. Calculate the greatest common factor of 3 and x.
1
Let r = 196 + -176. What is the greatest common factor of 100 and r?
20
Let h = -778 - -415. Let v = 539 + h. Suppose 3*w - 7*w + v = 0. Calculate the highest common divisor of 11 and w.